ten thousands digit of 12439?
1
What is the hundreds digit of 4176?
1
What is the thousands digit of 6947?
6
What is the hundreds digit of 4565?
5
What is the units digit of 1257?
7
What is the thousands digit of 51474?
1
What is the units digit of 39471?
1
What is the hundreds digit of 1002?
0
What is the thousands digit of 6263?
6
What is the units digit of 13455?
5
What is the units digit of 40764?
4
What is the tens digit of 13049?
4
What is the tens digit of 5488?
8
What is the tens digit of 2200?
0
What is the tens digit of 217?
1
What is the thousands digit of 111890?
1
What is the thousands digit of 12014?
2
What is the tens digit of 1489?
8
What is the hundreds digit of 597?
5
What is the tens digit of 101803?
0
What is the hundreds digit of 6111?
1
What is the tens digit of 10369?
6
What is the tens digit of 857?
5
What is the tens digit of 152561?
6
What is the tens digit of 472?
7
What is the tens digit of 7007?
0
What is the tens digit of 924?
2
What is the units digit of 372?
2
What is the hundreds digit of 24600?
6
What is the units digit of 1451?
1
What is the units digit of 66?
6
What is the hundreds digit of 1080?
0
What is the hundreds digit of 1044?
0
What is the tens digit of 3808?
0
What is the tens digit of 56879?
7
What is the units digit of 178?
8
What is the hundreds digit of 863?
8
What is the hundreds digit of 55812?
8
What is the units digit of 71?
1
What is the ten thousands digit of 57144?
5
What is the thousands digit of 1838?
1
What is the hundreds digit of 67718?
7
What is the hundreds digit of 11013?
0
What is the hundreds digit of 1303?
3
What is the thousands digit of 3462?
3
What is the units digit of 2456?
6
What is the units digit of 42841?
1
What is the units digit of 39457?
7
What is the units digit of 14186?
6
What is the tens digit of 79517?
1
What is the thousands digit of 2441?
2
What is the ten thousands digit of 54380?
5
What is the thousands digit of 22920?
2
What is the hundreds digit of 7700?
7
What is the thousands digit of 1821?
1
What is the hundreds digit of 4115?
1
What is the units digit of 3757?
7
What is the hundreds digit of 1783?
7
What is the units digit of 660?
0
What is the hundreds digit of 32828?
8
What is the units digit of 53021?
1
What is the tens digit of 7379?
7
What is the thousands digit of 28009?
8
What is the units digit of 170?
0
What is the tens digit of 118539?
3
What is the units digit of 2392?
2
What is the hundreds digit of 12113?
1
What is the units digit of 9?
9
What is the thousands digit of 18228?
8
What is the hundreds digit of 1328?
3
What is the hundreds digit of 51542?
5
What is the tens digit of 39639?
3
What is the thousands digit of 1042?
1
What is the units digit of 78?
8
What is the units digit of 668?
8
What is the hundreds digit of 502?
5
What is the tens digit of 122243?
4
What is the thousands digit of 3092?
3
What is the units digit of 2124?
4
What is the ten thousands digit of 75704?
7
What is the units digit of 1562?
2
What is the ten thousands digit of 14893?
1
What is the hundreds digit of 2099?
0
What is the tens digit of 77513?
1
What is the ten thousands digit of 31172?
3
What is the thousands digit of 80585?
0
What is the tens digit of 321?
2
What is the units digit of 335?
5
What is the hundreds digit of 742?
7
What is the units digit of 4798?
8
What is the thousands digit of 8205?
8
What is the thousands digit of 16991?
6
What is the ten thousands digit of 18167?
1
What is the thousands digit of 7745?
7
What is the ten thousands digit of 152501?
5
What is the units digit of 1503?
3
What is the units digit of 96412?
2
What is the hundreds digit of 20219?
2
What is the thousands digit of 4006?
4
What is the hundreds digit of 2153?
1
What is the thousands digit of 171132?
1
What is the tens digit of 7898?
9
What is the hundreds digit of 102?
1
What is the hundreds digit of 458?
4
What is the tens digit of 122?
2
What is the ten thousands digit of 24005?
2
What is the units digit of 4996?
6
What is the hundreds digit of 597?
5
What is the tens digit of 5414?
1
What is the hundreds digit of 7401?
4
What is the units digit of 135302?
2
What is the units digit of 7878?
8
What is the units digit of 85143?
3
What is the tens digit of 997?
9
What is the units digit of 19?
9
What is the ten thousands digit of 16317?
1
What is the tens digit of 15976?
7
What is the thousands digit of 32999?
2
What is the tens digit of 5508?
0
What is the ten thousands digit of 73013?
7
What is the tens digit of 160?
6
What is the units digit of 59893?
3
What is the ten thousands digit of 70107?
7
What is the units digit of 299?
9
What is the ten thousands digit of 25041?
2
What is the tens digit of 5565?
6
What is the hundreds digit of 4588?
5
What is the ten thousands digit of 40376?
4
What is the units digit of 17066?
6
What is the hundreds digit of 65657?
6
What is the tens digit of 1140?
4
What is the hundreds digit of 35536?
5
What is the units digit of 2899?
9
What is the ten thousands digit of 31093?
3
What is the units digit of 1201?
1
What is the units digit of 1793?
3
What is the units digit of 83519?
9
What is the thousands digit of 5373?
5
What is the hundreds digit of 6355?
3
What is the hundreds digit of 6194?
1
What is the tens digit of 6090?
9
What is the tens digit of 3846?
4
What is the units digit of 1136?
6
What is the hundreds digit of 3181?
1
What is the tens digit of 14398?
9
What is the thousands digit of 1733?
1
What is the tens digit of 36534?
3
What is the tens digit of 2677?
7
What is the hundreds digit of 2821?
8
What is the thousands digit of 57907?
7
What is the tens digit of 610?
1
What is the thousands digit of 4586?
4
What is the thousands digit of 1188?
1
What is the units digit of 54?
4
What is the hundreds digit of 582?
5
What is the thousands digit of 1524?
1
What is the hundreds digit of 4179?
1
What is the thousands digit of 104474?
4
What is the hundreds digit of 5191?
1
What is the hundreds digit of 5575?
5
What is the hundreds digit of 699?
6
What is the hundreds digit of 82632?
6
What is the units digit of 1105?
5
What is the tens digit of 34560?
6
What is the units digit of 373?
3
What is the thousands digit of 75571?
5
What is the units digit of 53?
3
What is the thousands digit of 61998?
1
What is the thousands digit of 3066?
3
What is the tens digit of 18?
1
What is the tens digit of 800?
0
What is the hundreds digit of 77846?
8
What is the tens digit of 391?
9
What is the hundreds digit of 9372?
3
What is the hundreds digit of 106?
1
What is the hundreds digit of 1757?
7
What is the units digit of 2108?
8
What is the units digit of 5933?
3
What is the units digit of 681?
1
What is the tens digit of 3180?
8
What is the ten thousands digit of 17365?
1
What is the hundreds digit of 11573?
5
What is the hundreds digit of 33171?
1
What is the hundreds digit of 1977?
9
What is the tens digit of 496?
9
What is the tens digit of 5194?
9
What is the tens digit of 38426?
2
What is the hundreds digit of 7024?
0
What is the ten thousands digit of 87501?
8
What is the thousands digit of 7517?
7
What is the units digit of 18695?
5
What is the tens digit of 72872?
7
What is the thousands digit of 1028?
1
What is the thousands digit of 39885?
9
What is the units digit of 37163?
3
What is the units digit of 89?
9
What is the units digit of 42689?
9
What is the tens digit of 33507?
0
What is the hundreds digit of 18153?
1
What is the thousands digit of 2960?
2
What is the ten thousands digit of 25864?
2
What is the hundreds digit of 63573?
5
What is the thousands digit of 7935?
7
What is the thousands digit of 5171?
5
What is the thousands digit of 78936?
8
What is the hundreds digit of 7352?
3
What is the tens digit of 619?
1
What is the thousands digit of 72063?
2
What is the units digit of 903?
3
What is the ten thousands digit of 47497?
4
What is the thousands digit of 2738?
2
What is the tens digit of 5532?
3
What is the hundreds digit of 2641?
6
What is the tens digit of 36751?
5
What is the hundreds digit of 59539?
5
What is the hundreds digit of 428?
4
What is the thousands digit of 1989?
1
What is the hundreds digit of 170?
1
What is the tens digit of 44994?
9
What is the tens digit of 829?
2
What is the hundreds digit o